it of p?
7
Suppose 0 = -15*b + 17*b - 4. What is the units digit of b?
2
Let x(m) = 4*m - 2*m - 4*m + 0*m. What is the units digit of x(-1)?
2
Suppose -13 - 7 = -2*t. Suppose t = -6*o + 7*o. What is the units digit of o?
0
Let t = -5 + 8. Suppose 2*f + 0*f = -3*a - 48, 0 = -f + t*a - 33. Let w = -19 - f. What is the units digit of w?
8
Suppose -4*h = 12, 3*t - 2*h + 24 = 75. What is the units digit of t?
5
Let t(r) = -r**2 - 9*r - 2. Let p be t(-6). Suppose 3*o - p - 5 = 0. What is the units digit of o?
7
What is the tens digit of 0 - 2/(-8) - (-8477)/28?
0
Let t be 9/(3 - 6) - -8. Suppose -k + 80 = t*r, -r + k = -15 - 7. What is the tens digit of r?
1
Let q be 2*-4*(-1 - 0). Suppose -3*j + 25 = -q. Let y = j + -1. What is the tens digit of y?
1
Let f(d) be the first derivative of d**4/12 + d**3/6 - 5*d**2/2 + d - 1. Let j(y) be the first derivative of f(y). What is the units digit of j(-5)?
5
Let c = 7 + -4. Let n be (31 - (c - 1)) + -2. Let j = n - 19. What is the units digit of j?
8
Let h be (-2)/(-4) + 67/2. Let g be (h/3)/((-10)/(-30)). Suppose -5*t + g = -21. What is the units digit of t?
1
Let i = -10 + 13. What is the units digit of (-7 + -2)*(-11)/i?
3
What is the tens digit of 10/125*5 + 306/10?
3
Let d be (21 + 0)*(-8)/(-12). Let y = d - 10. Suppose 61 = y*v + 21. What is the tens digit of v?
1
Suppose 16*r - 11*r = 30. Let t(o) = 2*o + 7. What is the units digit of t(r)?
9
Let n(f) be the second derivative of f**5/20 - f**3/6 + 8*f**2 + 4*f. What is the tens digit of n(0)?
1
Let p(h) = -h - 10. Let d be p(-10). Suppose 0*n - 4*n + 16 = 2*a, d = 4*a + 5*n - 23. What is the units digit of a?
2
Suppose 0 = -i - 3*o + 11, 4*i = -0*i - o + 33. Suppose 2*b + i = 0, -5*t + 22 = -0*t - 3*b. What is the units digit of t?
2
Suppose -5*h = -3*h - u + 7, 2*u = -2*h - 4. Suppose 0 = -m + 4*r + 32, -2*r + 22 + 32 = 3*m. What is the units digit of (h/((-6)/m))/2?
5
Let g be 13*(1 + -2 + 2). Suppose 2*w = 8, g + 1 = 2*m - 2*w. What is the units digit of m?
1
Let r(m) = 2*m**3 + m**2 - 4*m + 1. Let i(a) = 4*a**3 + 3*a**2 - 7*a + 2. Let h(w) = -3*i(w) + 5*r(w). What is the tens digit of h(-3)?
1
Suppose -3*t + 2*g - 14 - 22 = 0, -g - 37 = 4*t. Let b = 11 + t. What is the units digit of b?
1
Let s be ((-5)/15)/(4/(-12)). Suppose 2*d + 2 = -2. What is the units digit of 2 + d + 6 + s?
7
Let z(l) = 8*l + 19. Let u(d) = 4*d + 9. Let b(w) = -13*u(w) + 6*z(w). Let j be b(-7). Suppose 5*x = -5*s + 6*x + j, s - 19 = 3*x. What is the units digit of s?
4
Suppose 0 = -2*u - 0*u. Suppose 3*g - 4*g + 10 = u. What is the units digit of g?
0
Suppose 3*n - 14 = -n - 5*o, -5*n + 2*o = -1. Let v be (2 - (-3)/n) + -1. Suppose 0 = -v*p - p + 40. What is the units digit of p?
8
Let f(b) = -b - 2. Let z(n) = n + 5. Let o be z(4). Suppose 3*a - 2*u = -o, 4*a - 2*a = 5*u + 5. What is the units digit of f(a)?
3
Let l be 2 - (-1 + 36/(-3)). Suppose -h + 14 = -l. What is the units digit of h?
9
Let l(m) = 0*m**2 - 3*m - 4*m**2 + 4*m**2 + 5*m**2. What is the tens digit of l(2)?
1
Suppose 0*c - 40 = 4*c. Let s(o) = -o - 6. Let l be s(c). Suppose 0 = -3*b + 15, y - 6*b + 4*b + l = 0. What is the units digit of y?
6
Suppose -3*l - l = -72. Suppose 0*n - l = -3*n. Suppose -3*w + 0 = -n. What is the units digit of w?
2
Suppose 4*l - 37 = 83. Suppose -2*h = -4*h + l. What is the units digit of h?
5
Suppose 0 = -4*i - 4*b + 20, 2*i + 3*i - 5*b + 5 = 0. What is the units digit of i?
2
Let g = 2 - 4. Let d(h) = 9*h + 3. Let v be d(g). Let i = 25 + v. What is the units digit of i?
0
Let f = -13 - 8. Let h = 38 + f. What is the units digit of h?
7
Let q be (-6)/(-15) - 646/(-10). What is the tens digit of q/2*16/20?
2
Let x = 109 - 53. What is the tens digit of x?
5
Let f(y) = y**2 - 5*y - 4. Let d be f(6). Let i be d/4*(-2 - -10). Suppose i*k - 6 = k. What is the units digit of k?
2
Let u be (2/(-6))/((-9)/54). Suppose 5*n = -2*j + 28 + 39, 58 = u*j + 2*n. What is the units digit of j?
6
Suppose 450 = -y + 7*y. What is the tens digit of y?
7
What is the units digit of 4 - ((-4)/(-4) - 1)?
4
Suppose 0 = 2*v - 8 - 8. Suppose -2*x - 2*g = x - 34, -g = -x + v. What is the units digit of x?
0
Suppose -5*u + 8 = 3. Let o = u - 4. Let c = o - -7. What is the units digit of c?
4
Let c = 115 - 65. What is the tens digit of c?
5
Let y(k) = -2*k + 1. Let b be y(1). Let j = b - -3. What is the tens digit of 13/j*(0 - -2)?
1
Let r(p) = -10*p - 3. What is the hundreds digit of r(-20)?
1
Let f = 5 + -3. Suppose 5*i - f = 18, -2*i + 18 = 5*s. What is the units digit of s?
2
Suppose 4*z = -d + 210, -289 = -d + 3*z - 107. What is the hundreds digit of d?
1
Let i = 190 + -113. What is the units digit of i?
7
Let k be (-65)/(-2) + 5/(-10). Let a = -18 + k. What is the units digit of a?
4
Let t(r) = -6*r**3 + r**2 + r. Suppose -2*x + 3*x = -1. What is the units digit of t(x)?
6
Suppose 2*t - 4*t - 74 = 0. Let r = -23 - t. What is the units digit of r?
4
Let a(w) = -4*w - 6. Let s be a(-4). Suppose 6*u - u + s = 0. What is the units digit of ((-1)/(-2))/(u/(-4))?
1
What is the units digit of (-24)/15*(-15)/2?
2
Let w = 35 + -24. What is the tens digit of w?
1
Let l(y) be the first derivative of y**4/8 - 5*y**3/6 - y**2/2 + 4. Let w(o) be the second derivative of l(o). What is the tens digit of w(6)?
1
Let x(n) = -n**2 + n - 3*n - 4*n + 4. Let i be (12/(-15))/(4/30). What is the units digit of x(i)?
4
Let v(l) be the third derivative of -1/12*l**4 + 1/20*l**5 + 0*l + 1/120*l**6 + 2/3*l**3 + 0 + l**2. What is the tens digit of v(-3)?
1
Suppose 5*m - 284 = 3*m. What is the units digit of m?
2
Let d(k) = -k**3 + 6*k**2 + 4*k + 6. What is the tens digit of d(6)?
3
Suppose 258 = 5*y + 18. Let t(m) = -m**2 - 12*m - 4. Let l be t(-6). Let k = y - l. What is the tens digit of k?
1
Let r(b) = b**3 - 7*b**2 + 9*b - 8. What is the tens digit of r(7)?
5
What is the units digit of ((-1598)/85)/(2/(-5))?
7
Suppose 0 = 4*n - 228 + 40. Suppose 0*s - 2*s - 5*m = -n, -40 = -2*s + 2*m. What is the units digit of s?
1
Suppose -8 = -2*p - 0. Let o be -30*3*p/18. Let u = o - -32. What is the tens digit of u?
1
Let m be (-2 + 5 - 2)*1. Let a = 1 - m. Suppose 2*t + 0 - 2 = a. What is the units digit of t?
1
Suppose -2*m - 3*x + 122 = 0, 2*m - 5*x - 25 = 81. What is the tens digit of m?
5
Suppose 0 = 3*z + 2*y - 188, -z + y + 84 - 18 = 0. Let h = z - 29. What is the tens digit of h?
3
Let p = -79 - -151. What is the units digit of p?
2
Let v(u) = -u**2 + 3*u + 4. Let k be v(-3). Let r = 39 + k. What is the units digit of r?
5
Let f be 27*((-8)/(-6))/4. Suppose 2*n = f + 23. What is the tens digit of n?
1
Suppose -4*b + 4*a + 293 = -103, 5*a + 297 = 3*b. What is the units digit of b?
9
Let s(m) = 2*m - 13. Let t(f) = 2*f + 12 - 3*f - f. Let c(u) = -4*s(u) - 5*t(u). What is the units digit of c(10)?
2
Let z = 6 - 6. Suppose z = -h + 4 + 2. What is the units digit of h?
6
Let w(h) = h**2 + h + 44. Let r be w(0). Let z = r + -27. What is the tens digit of z?
1
What is the tens digit of (6/(-15))/((-2)/240)?
4
What is the tens digit of (-5)/(-10)*(1 - -67)?
3
Suppose 4*x + 62 = 4*t + 10, 61 = 4*t - x. What is the tens digit of 0/(-3) + (t - 1)?
1
Suppose -2*a - a = -3. Suppose -2*v = 2*s - 1 + 5, -2*s - 10 = -v. What is the units digit of (a/(-2))/(v/(-8))?
2
Suppose -5*a = -156 - 49. Suppose -a = -2*s + 3. What is the units digit of s?
2
Let g(m) = 2*m - 6. Let w be g(5). Suppose d + 30 = -w*d. What is the tens digit of 6*d/3*-1?
1
Suppose 5 = 3*w - 25. What is the tens digit of w?
1
Let j(h) = -3*h**2 - h + 108. What is the hundreds digit of j(0)?
1
Suppose 5*o - x - 16 = 0, 2*o - 4 = -2*o + 3*x. Let m be 17 + 2/(-10)*-5. Suppose -o*n + m = 6. What is the units digit of n?
3
Suppose -5 = 4*w + 4*g - 21, 5*g - 13 = 2*w. Let r = -3 + w. What is the units digit of 18*((-5)/r + -2)?
9
Suppose 317 = 5*l + 947. Let p = -70 - l. Let y = -40 + p. What is the units digit of y?
6
Let l(w) be the first derivative of w**4/4 - w**3 - 7*w**2/2 + 6*w + 3. What is the units digit of l(5)?
1
Suppose -11*k + 380 = -k. What is the units digit of k?
8
What is the tens digit of (-16 + 2 - -2)*14/(-8)?
2
Let g be -1*(0 - (0 - 0)). Let j(b) be the second derivative of -b**5/20 - b**3/6 + b**2 - 4*b. What is the units digit of j(g)?
2
Let x(v) = -3*v**2 +